{"id":290,"date":"2014-08-24T13:42:30","date_gmt":"2014-08-24T11:42:30","guid":{"rendered":"http:\/\/www.lade-druck.de\/?page_id=5"},"modified":"2025-08-04T12:46:55","modified_gmt":"2025-08-04T10:46:55","slug":"impressum","status":"publish","type":"page","link":"http:\/\/www.lade-druck.de\/?page_id=290","title":{"rendered":"Impressum"},"content":{"rendered":"<h1>Generelles<\/h1>\n<p><span data-reactid=\".1h.1:3:1:$comment854656074585598_854983597886179:0.0.$right.0.$left.0.0.1:$comment-body.0.0\"><span data-reactid=\".1h.1:3:1:$comment854656074585598_854983597886179:0.0.$right.0.$left.0.0.1:$comment-body.0.0.$end:0:$4:0\">&#8211; Eine Leistungssteigerung des Fahrzeugs durch Chiptuning muss in Deutschland grunds\u00e4tzlich in die <\/span><\/span><span data-reactid=\".1h.1:3:1:$comment854656074585598_854983597886179:0.0.$right.0.$left.0.0.1:$comment-body.0.3\"><span data-reactid=\".1h.1:3:1:$comment854656074585598_854983597886179:0.0.$right.0.$left.0.0.1:$comment-body.0.3.0\"><br data-reactid=\".1h.1:3:1:$comment854656074585598_854983597886179:0.0.$right.0.$left.0.0.1:$comment-body.0.3.0.$end:0:$1:0\" \/><span data-reactid=\".1h.1:3:1:$comment854656074585598_854983597886179:0.0.$right.0.$left.0.0.1:$comment-body.0.3.0.$end:0:$2:0\">Fahrzeugpapiere eingetragen werden.<\/span><br data-reactid=\".1h.1:3:1:$comment854656074585598_854983597886179:0.0.$right.0.$left.0.0.1:$comment-body.0.3.0.$end:0:$3:0\" \/><span data-reactid=\".1h.1:3:1:$comment854656074585598_854983597886179:0.0.$right.0.$left.0.0.1:$comment-body.0.3.0.$end:0:$4:0\">&#8211; Das Betreiben einer Leistungssteigerung ohne \u00c4nderungsabnahme durch den T\u00dcV oder eine \u00e4hnliche Institution und Eintragung hat den Verlust der Betriebserlaubnis und damit den Verlust des Versicherungsschutzes zur Folge!<\/span><br data-reactid=\".1h.1:3:1:$comment854656074585598_854983597886179:0.0.$right.0.$left.0.0.1:$comment-body.0.3.0.$end:0:$5:0\" \/><span data-reactid=\".1h.1:3:1:$comment854656074585598_854983597886179:0.0.$right.0.$left.0.0.1:$comment-body.0.3.0.$end:0:$6:0\">&#8211; Das Betreiben einer Leistungssteigerung kann zum Verlust der <\/span><br data-reactid=\".1h.1:3:1:$comment854656074585598_854983597886179:0.0.$right.0.$left.0.0.1:$comment-body.0.3.0.$end:0:$7:0\" \/><span data-reactid=\".1h.1:3:1:$comment854656074585598_854983597886179:0.0.$right.0.$left.0.0.1:$comment-body.0.3.0.$end:0:$8:0\">Garantie bzw. Gew\u00e4hrleistungspflicht des Fahrzeugherstellers bzw. <\/span><br data-reactid=\".1h.1:3:1:$comment854656074585598_854983597886179:0.0.$right.0.$left.0.0.1:$comment-body.0.3.0.$end:0:$9:0\" \/><span data-reactid=\".1h.1:3:1:$comment854656074585598_854983597886179:0.0.$right.0.$left.0.0.1:$comment-body.0.3.0.$end:0:$10:0\">Fahrzeugverk\u00e4ufers f\u00fchren.<\/span><\/span><\/span><\/p>\n<h1><\/h1>\n<h2>St\u00fctzpunkt<\/h2>\n<p>Unser St\u00fctzpunkt f\u00fcr Softwareoptimierungen und Umbauten befindet sich<br \/>\nin Kesselsdorf bei Dresden.<\/p>\n<p>Des Weiteren k\u00f6nnen unsere Kunden den beliebten Vor- Ort &#8211; Service in Anspruch<br \/>\nnehmen.<\/p>\n<h1>Impressum<\/h1>\n<h2>Angaben gem\u00e4\u00df \u00a7 5 TMG:<\/h2>\n<p>LD Performance UG (haftungsbeschr\u00e4nkt)<\/p>\n<p>Dresden HRB 43017<\/p>\n<p>Zum T\u00e4lchen 2<br \/>\n01723 Kesselsdorf<\/p>\n<h2>Verantwortlich f\u00fcr den Inhalt nach \u00a7 55 Abs. 2 RStV:<\/h2>\n<p>LD Performance UG (haftungsbeschr\u00e4nkt)<\/p>\n<p>Dresden HRB 43017<\/p>\n<p>Zum T\u00e4lchen 2<br \/>\n01723 Kesselsdorf<\/p>\n<h2>Quellenangaben f\u00fcr die verwendeten Bilder und Grafiken:<\/h2>\n<p>Bilder von Dritten<\/p>\n<p>Quelle: <em><a href=\"http:\/\/www.e-recht24.de\" rel=\"nofollow\">http:\/\/www.e-recht24.de<\/a><\/em><\/p>\n<h1>Haftungsausschluss (Disclaimer)<\/h1>\n<p><strong>Haftung f\u00fcr Inhalte<\/strong><\/p>\n<p>Als Diensteanbieter sind wir gem\u00e4\u00df \u00a7 7 Abs.1 TMG f\u00fcr eigene Inhalte auf diesen Seiten nach den allgemeinen Gesetzen verantwortlich. Nach \u00a7\u00a7 8 bis 10 TMG sind wir als Diensteanbieter jedoch nicht verpflichtet, \u00fcbermittelte oder gespeicherte fremde Informationen zu \u00fcberwachen oder nach Umst\u00e4nden zu forschen, die auf eine rechtswidrige T\u00e4tigkeit hinweisen. Verpflichtungen zur Entfernung oder Sperrung der Nutzung von Informationen nach den allgemeinen Gesetzen bleiben hiervon unber\u00fchrt. Eine diesbez\u00fcgliche Haftung ist jedoch erst ab dem Zeitpunkt der Kenntnis einer konkreten Rechtsverletzung m\u00f6glich. Bei Bekanntwerden von entsprechenden Rechtsverletzungen werden wir diese Inhalte umgehend entfernen.<\/p>\n<p><strong>Haftung f\u00fcr Links<\/strong><\/p>\n<p>Unser Angebot enth\u00e4lt Links zu externen Webseiten Dritter, auf deren Inhalte wir keinen Einfluss haben. Deshalb k\u00f6nnen wir f\u00fcr diese fremden Inhalte auch keine Gew\u00e4hr \u00fcbernehmen. F\u00fcr die Inhalte der verlinkten Seiten ist stets der jeweilige Anbieter oder Betreiber der Seiten verantwortlich. Die verlinkten Seiten wurden zum Zeitpunkt der Verlinkung auf m\u00f6gliche Rechtsverst\u00f6\u00dfe \u00fcberpr\u00fcft. Rechtswidrige Inhalte waren zum Zeitpunkt der Verlinkung nicht erkennbar. Eine permanente inhaltliche Kontrolle der verlinkten Seiten ist jedoch ohne konkrete Anhaltspunkte einer Rechtsverletzung nicht zumutbar. Bei Bekanntwerden von Rechtsverletzungen werden wir derartige Links umgehend entfernen.<\/p>\n<p><strong>Urheberrecht<\/strong><\/p>\n<p>Die durch die Seitenbetreiber erstellten Inhalte und Werke auf diesen Seiten unterliegen dem deutschen Urheberrecht. Die Vervielf\u00e4ltigung, Bearbeitung, Verbreitung und jede Art der Verwertung au\u00dferhalb der Grenzen des Urheberrechtes bed\u00fcrfen der schriftlichen Zustimmung des jeweiligen Autors bzw. Erstellers. Downloads und Kopien dieser Seite sind nur f\u00fcr den privaten, nicht kommerziellen Gebrauch gestattet. Soweit die Inhalte auf dieser Seite nicht vom Betreiber erstellt wurden, werden die Urheberrechte Dritter beachtet. Insbesondere werden Inhalte Dritter als solche gekennzeichnet. Sollten Sie trotzdem auf eine Urheberrechtsverletzung aufmerksam werden, bitten wir um einen entsprechenden Hinweis. Bei Bekanntwerden von Rechtsverletzungen werden wir derartige Inhalte umgehend entfernen.<\/p>\n<p><em>Quellen: <a href=\"http:\/\/www.e-recht24.de\/muster-disclaimer.html\" target=\"_blank\" rel=\"nofollow noopener\">eRecht24<\/a><\/em><\/p>\n<p><strong>Keine Abmahnung ohne vorherigen Kontakt<\/strong><\/p>\n<p>Sollte irgendwelcher Inhalt oder die Designtechnische Gestaltung einzelner Seiten oder Teile dieser Internetseite fremde Rechte Dritter oder gesetzliche Bestimmungen verletzen oder anderweitig in irgendeiner Form Wettbewerbsrechtliche Probleme hervorbringen, so bitten wir unter Berufung auf \u00a7 8 Abs. 4 UWG, um eine angemessene, ausreichend erl\u00e4uternde und schnelle Nachricht ohne Kostennote. Wir garantieren, dass die zu Recht beanstandeten Passagen oder Teile dieser Webseiten in angemessener Frist entfernt bzw. den rechtlichen Vorgaben umf\u00e4nglich angepasst werden, ohne dass von Ihrer Seite die Einschaltung eines Rechtsbeistandes erforderlich ist. Die Einschaltung eines Anwaltes, zur f\u00fcr den Diensteanbieter kostenpflichtigen Abmahnung, entspricht nicht dessen wirklichen oder mutma\u00dflichen Willen und w\u00fcrde damit einen Verstoss gegen \u00a7 13 Abs. 5 UWG, wegen der Verfolgung sachfremder Ziele als beherschendes Motiv der Verfahrenseinleitung, insbesondere einer Kostenerzielungsabsicht als eigentliche Triebfeder, sowie einen Versto\u00df gegen die Schadensminderungspflicht darstellen. Es besteht keine Haftung f\u00fcr die Vereinbarkeit der Inhalte dieser Seiten mit den rechtlichen Bestimmungen au\u00dferhalb der Bundesrepublik Deutschland.<\/p>\n","protected":false},"excerpt":{"rendered":"<p>Generelles &#8211; Eine Leistungssteigerung des Fahrzeugs durch Chiptuning muss in Deutschland grunds\u00e4tzlich in die Fahrzeugpapiere eingetragen werden.&#8211; Das Betreiben einer Leistungssteigerung ohne \u00c4nderungsabnahme durch den T\u00dcV oder eine \u00e4hnliche Institution und Eintragung hat den Verlust der Betriebserlaubnis und damit den Verlust des Versicherungsschutzes zur Folge!&#8211; Das Betreiben einer Leistungssteigerung kann zum Verlust der Garantie bzw. [&hellip;]<\/p>\n","protected":false},"author":1,"featured_media":0,"parent":0,"menu_order":0,"comment_status":"closed","ping_status":"closed","template":"","meta":{"footnotes":""},"class_list":["post-290","page","type-page","status-publish","hentry","post"],"_links":{"self":[{"href":"http:\/\/www.lade-druck.de\/index.php?rest_route=\/wp\/v2\/pages\/290","targetHints":{"allow":["GET"]}}],"collection":[{"href":"http:\/\/www.lade-druck.de\/index.php?rest_route=\/wp\/v2\/pages"}],"about":[{"href":"http:\/\/www.lade-druck.de\/index.php?rest_route=\/wp\/v2\/types\/page"}],"author":[{"embeddable":true,"href":"http:\/\/www.lade-druck.de\/index.php?rest_route=\/wp\/v2\/users\/1"}],"replies":[{"embeddable":true,"href":"http:\/\/www.lade-druck.de\/index.php?rest_route=%2Fwp%2Fv2%2Fcomments&post=290"}],"version-history":[{"count":3,"href":"http:\/\/www.lade-druck.de\/index.php?rest_route=\/wp\/v2\/pages\/290\/revisions"}],"predecessor-version":[{"id":461,"href":"http:\/\/www.lade-druck.de\/index.php?rest_route=\/wp\/v2\/pages\/290\/revisions\/461"}],"wp:attachment":[{"href":"http:\/\/www.lade-druck.de\/index.php?rest_route=%2Fwp%2Fv2%2Fmedia&parent=290"}],"curies":[{"name":"wp","href":"https:\/\/api.w.org\/{rel}","templated":true}]}}